 when 385 is divided by 9.
7
Calculate the remainder when 20 is divided by 9.
2
Calculate the remainder when 222 is divided by 14.
12
What is the remainder when 2265 is divided by 103?
102
What is the remainder when 546 is divided by 10?
6
What is the remainder when 123 is divided by 4?
3
Calculate the remainder when 328 is divided by 161.
6
Calculate the remainder when 44 is divided by 26.
18
Calculate the remainder when 3758 is divided by 44.
18
What is the remainder when 244 is divided by 25?
19
Calculate the remainder when 98 is divided by 78.
20
Calculate the remainder when 211 is divided by 4.
3
What is the remainder when 6321 is divided by 102?
99
What is the remainder when 65 is divided by 37?
28
What is the remainder when 2954 is divided by 15?
14
Calculate the remainder when 1483 is divided by 9.
7
What is the remainder when 1240 is divided by 23?
21
What is the remainder when 873 is divided by 39?
15
Calculate the remainder when 3199 is divided by 64.
63
Calculate the remainder when 531 is divided by 133.
132
What is the remainder when 6608 is divided by 76?
72
Calculate the remainder when 1101 is divided by 2.
1
Calculate the remainder when 660 is divided by 17.
14
What is the remainder when 136 is divided by 80?
56
What is the remainder when 473 is divided by 119?
116
Calculate the remainder when 41 is divided by 14.
13
What is the remainder when 261 is divided by 88?
85
What is the remainder when 89 is divided by 19?
13
What is the remainder when 450 is divided by 218?
14
Calculate the remainder when 282 is divided by 45.
12
What is the remainder when 1487 is divided by 19?
5
What is the remainder when 357 is divided by 340?
17
What is the remainder when 14 is divided by 10?
4
What is the remainder when 529 is divided by 195?
139
What is the remainder when 1977 is divided by 473?
85
Calculate the remainder when 2101 is divided by 68.
61
What is the remainder when 439 is divided by 34?
31
Calculate the remainder when 474 is divided by 19.
18
Calculate the remainder when 1801 is divided by 53.
52
What is the remainder when 15644 is divided by 35?
34
Calculate the remainder when 69 is divided by 18.
15
What is the remainder when 526 is divided by 11?
9
What is the remainder when 199 is divided by 10?
9
Calculate the remainder when 270 is divided by 21.
18
Calculate the remainder when 185 is divided by 51.
32
What is the remainder when 427 is divided by 26?
11
Calculate the remainder when 8152 is divided by 151.
149
Calculate the remainder when 221 is divided by 56.
53
What is the remainder when 1789 is divided by 82?
67
Calculate the remainder when 1341 is divided by 96.
93
Calculate the remainder when 549 is divided by 12.
9
Calculate the remainder when 87 is divided by 19.
11
What is the remainder when 2956 is divided by 29?
27
Calculate the remainder when 106 is divided by 106.
0
Calculate the remainder when 337 is divided by 17.
14
Calculate the remainder when 388 is divided by 62.
16
Calculate the remainder when 2338 is divided by 10.
8
What is the remainder when 177 is divided by 62?
53
Calculate the remainder when 1623 is divided by 28.
27
What is the remainder when 437 is divided by 96?
53
What is the remainder when 452 is divided by 110?
12
Calculate the remainder when 301 is divided by 22.
15
Calculate the remainder when 300 is divided by 34.
28
Calculate the remainder when 48 is divided by 31.
17
What is the remainder when 470 is divided by 152?
14
Calculate the remainder when 437 is divided by 73.
72
Calculate the remainder when 582 is divided by 45.
42
What is the remainder when 137 is divided by 74?
63
What is the remainder when 76 is divided by 10?
6
Calculate the remainder when 33 is divided by 12.
9
What is the remainder when 417 is divided by 168?
81
Calculate the remainder when 181 is divided by 41.
17
What is the remainder when 82 is divided by 14?
12
Calculate the remainder when 47 is divided by 24.
23
Calculate the remainder when 180 is divided by 8.
4
What is the remainder when 1360 is divided by 122?
18
Calculate the remainder when 244 is divided by 19.
16
Calculate the remainder when 119 is divided by 11.
9
What is the remainder when 603 is divided by 21?
15
Calculate the remainder when 359 is divided by 164.
31
What is the remainder when 12523 is divided by 62?
61
What is the remainder when 385 is divided by 71?
30
Calculate the remainder when 10567 is divided by 70.
67
Calculate the remainder when 2861 is divided by 14.
5
Calculate the remainder when 2492 is divided by 249.
2
Calculate the remainder when 1678 is divided by 55.
28
What is the remainder when 138 is divided by 29?
22
Calculate the remainder when 108 is divided by 7.
3
Calculate the remainder when 5572 is divided by 223.
220
What is the remainder when 182 is divided by 45?
2
What is the remainder when 397 is divided by 97?
9
What is the remainder when 2690 is divided by 69?
68
What is the remainder when 328 is divided by 173?
155
What is the remainder when 16 is divided by 7?
2
What is the remainder when 855 is divided by 832?
23
Calculate the remainder when 952 is divided by 30.
22
What is the remainder when 2907 is divided by 71?
67
What is the remainder when 89 is divided by 33?
23
Calculate the remainder when 1349 is divided by 441.
26
What is the remainder when 96 is divided by 11?
8
Calculate the remainder when 237 is divided by 67.
36
Calculate the remainder when 244 is divided by 67.
43
Calculate the remainder when 3516 is divided by 11.
7
Calculate the remainder when 19 is divided by 8.
3
Calculate the remainder when 7302 is divided by 83.
81
Calculate the remainder when 53 is divided by 11.
9
What is the remainder when 6024 is divided by 147?
144
Calculate the remainder when 145 is divided by 7.
5
Calculate the remainder when 629 is divided by 63.
62
Calculate the remainder when 192 is divided by 55.
27
Calculate the remainder when 4278 is divided by 8.
6
Calculate the remainder when 48 is divided by 11.
4
What is the remainder when 808 is divided by 48?
40
What is the remainder when 247 is divided by 42?
37
What is the remainder when 2862 is divided by 11?
2
What is the remainder when 217 is divided by 88?
41
What is the remainder when 69 is divided by 24?
21
Calculate the remainder when 339 is divided by 39.
27
Calculate the remainder when 491 is divided by 62.
57
Calculate the remainder when 585 is divided by 4.
1
What is the remainder when 1484 is divided by 16?
12
What is the remainder when 214 is divided by 73?
68
What is the remainder when 283 is divided by 19?
17
What is the remainder when 61 is divided by 23?
15
Calculate the remainder when 1259 is divided by 140.
139
Calculate the remainder when 2299 is divided by 10.
9
Calculate the remainder when 91 is divided by 25.
16
Calculate the remainder when 114 is divided by 39.
36
Calculate the remainder when 35833 is divided by 41.
40
Calculate the remainder when 119 is divided by 39.
2
What is the remainder when 105 is divided by 28?
21
Calculate the remainder when 1143 is divided by 5.
3
What is the remainder when 316 is divided by 156?
4
Calculate the remainder when 566 is divided by 281.
4
Calculate the remainder when 293 is divided by 127.
39
What is the remainder when 1152 is divided by 285?
12
Calculate the remainder when 132 is divided by 38.
18
Calculate the remainder when 1537 is divided by 22.
19
What is the remainder when 238 is divided by 61?
55
What is the remainder when 385 is divided by 128?
1
Calculate the remainder when 640 is divided by 23.
19
Calculate the remainder when 2855 is divided by 27.
20
Calculate the remainder when 220 is divided by 69.
13
What is the remainder when 165 is divided by 50?
15
What is the remainder when 1650 is divided by 59?
57
Calculate the remainder when 704 is divided by 235.
234
Calculate the remainder when 3900 is divided by 126.
120
What is the remainder when 260 is divided by 123?
14
Calculate the remainder when 3365 is divided by 22.
21
What is the remainder when 6914 is divided by 14?
12
Calculate the remainder when 11 is divided by 7.
4
What is the remainder when 1085 is divided by 33?
29
What is the remainder when 339 is divided by 31?
29
What is the remainder when 53 is divided by 14?
11
Calculate the remainder when 1